e 4*q - 10 = -q. Let y be 32/(-10) + q/10. Let g(m) = m**2 + m - 6 - 5 + 9. Give g(y).
4
Let s(n) be the third derivative of -n**4/24 + 11*n**3/6 - 66*n**2. Suppose 0*d + j = -5*d + 2, -3*d - 4 = -2*j. What is s(d)?
11
Let a be (-208)/78*(-30)/(-8). Let g(s) = -s**3 - 10*s**2 - s - 4. Give g(a).
6
Let l(f) = -2*f - 4. Let u(a) = -a**3 + 6*a**2 - 22*a + 134. Let b be u(6). Calculate l(b).
-8
Let b(u) = u - 7. Suppose j + j + 28 = -3*v, -5*v - 4*j = 50. Let a be (-4)/(-6) + (-80)/v. Suppose 0 = 9*s - a*s + 30. Calculate b(s).
-1
Let y(x) = -x**3 + 3*x**2 + 5*x + 2. Let v(p) = -p**3 - 4*p**2 + 10*p + 1. Let u be v(-4). Let o = 43 + u. What is y(o)?
6
Let q(a) = -103*a**3 - 3*a + 2*a + 1 + 104*a**3 - a**2. Determine q(1).
0
Let g be (-7 - (-5 + 8)) + 1. Let r(c) = -3*c**2 - 24*c + 22. Give r(g).
-5
Let h(b) = b**3 + 8*b**2 + 7*b - 9. Suppose 4*n + 25 = -x, 20*n - 22*n + x = 17. Give h(n).
-9
Suppose -38 = u - 42. Let b(h) be the second derivative of 3*h + 0 - h**2 + 1/3*h**3. Calculate b(u).
6
Let q(t) = 4*t**2 + 0*t + 3*t - 2*t**2 + 1 - 3*t**2. Calculate q(5).
-9
Let k = 578 - 573. Let i(p) be the second derivative of p**3/6 + 5*p**2/2 - 2*p. Give i(k).
10
Let z(i) be the third derivative of -i**5/60 - i**4/24 - 2*i**3/3 - 5*i**2. Let k be z(0). Let p(s) be the first derivative of s**2/2 - s + 19. Give p(k).
-5
Suppose 2*x + 6 = 3*x. Let l(a) = -a**2 + 4*a - 6. Let u(d) = -d**2 + 3*d - 7. Let t(g) = 5*l(g) - 4*u(g). Calculate t(x).
10
Let i(z) = 2*z**2 + 4*z + 0*z**3 + 3*z**3 + 0*z**2 - 4*z**3 - 2. Suppose -4*h + 9*h = 30. Suppose -a + 0*a + 3*w + 12 = 0, 3*a + 5*w = -h. Give i(a).
1
Let w(p) = 11*p - 15. Let q(a) = 2*a. Let r(s) = -6*q(s) + w(s). What is r(-14)?
-1
Let d(u) = -u**3 + 13*u**2 + 14*u + 5. Suppose 4*s - 60 = -4. Calculate d(s).
5
Let h(b) be the first derivative of -b**2 - b - 2. Let v(s) = 1. Let m(q) = h(q) - 5*v(q). Determine m(-6).
6
Let p be 2*(-3)/6*9. Let g(h) be the first derivative of -h**2/2 - 16*h + 149. Calculate g(p).
-7
Suppose -3*a + 5 + 37 = 0. Let f = a - 8. Let i(t) = 74*t + 6*t**2 - t**3 - 40*t - 33*t. Give i(f).
6
Let j(p) be the third derivative of 7/120*p**5 - 1/8*p**4 + 0*p - 1/360*p**6 - 1/3*p**3 + 0 + 5*p**2. Let d(u) be the first derivative of j(u). Calculate d(5).
7
Let u(j) be the third derivative of 0*j + 1/3*j**3 + 0 - 9*j**2 - 1/12*j**4. Calculate u(-2).
6
Suppose -5*s - 2*y + 22 = -5*y, -5*y - 26 = -3*s. Let j(n) = s + n + 0 + 3*n - 6. Suppose -9 = -3*c - 0*c. Calculate j(c).
8
Let s(y) = 2*y - 3. Let p be s(5). Let o be (p/(-3) - -1)*3. Let v(l) = -l + 2. Let q(h) = -2*h + 1. Let z(j) = -4*q(j) + 5*v(j). Calculate z(o).
-6
Let a(t) = 2*t**2 - 5*t + 11. Let m(g) = 4*g - 1. Let l(d) = -a(d) - 3*m(d). Give l(-4).
-12
Let g(b) = b**3 + 2*b**2 + b - 1. Let f(n) = n + 7. Let t be f(-10). Determine g(t).
-13
Let v(a) be the third derivative of -a**5/30 - a**4/6 - a**3/2 - a**2. Suppose 14 = 3*p + 5*q, 2*q - 2 = -p + 3*q. Suppose -p = 5*r + 7. Calculate v(r).
-3
Let j(y) = y + 2. Let a(r) = r + 1. Let s(p) = 5*a(p) - 6*j(p). Let v(t) be the second derivative of -t**3/6 + 3*t**2/2 - 3*t. Let l be v(7). What is s(l)?
-3
Let i(w) be the first derivative of -2*w**2 + 6*w + 12. Give i(-13).
58
Let v(o) = o**3 + 4*o**2 + 4*o - 1. Let z(q) = 3*q + 25. Let b be z(-20). Let k = b - -32. Determine v(k).
-4
Let c be 4/(-8) + (-46)/4. Let m be c/42 - 40/7. Let a(o) = -o**2 - 6*o + 4. Give a(m).
4
Let g(x) = 2*x**2 - 3*x - 1. Let l be g(-4). Let k(n) = -35 - l + 72 + 2*n. What is k(4)?
2
Let z(i) be the third derivative of -i**5/60 - 5*i**4/12 - i**3/3 + 7*i**2 + 8*i. Determine z(-7).
19
Let s = -2 - 7. Let c(b) = 5 + 42*b - 14*b - 27*b. Calculate c(s).
-4
Let o(d) = -27*d + 361. Let u be o(13). Let r(t) = 3*t - 4. Calculate r(u).
26
Let o(a) = -2*a + 30*a**2 + 3 - 51*a**2 + 19*a**2. Give o(-4).
-21
Let u(h) = 4*h - 30. Let g be u(8). Let w(q) = -q - 23*q**2 - 5*q**2 + 15*q**g. Let b be (0 - (-2)/2) + 0. Give w(b).
-14
Let r(n) = n - 28. Let c(k) = -k**3 - 13*k**2 - 13*k - 10. Let i be c(-12). Suppose -4*f = 3*l + 12, -f - 1 = i*l + 2. Give r(l).
-28
Let w(q) be the second derivative of 3*q + 7/6*q**3 - 19/2*q**2 + 0 - 7/12*q**4. Let f(r) = -3*r**2 + 4*r - 9. Let m(u) = 5*f(u) - 2*w(u). Calculate m(5).
-2
Let q(r) = -2*r**2 + r**2 + 0 + 6*r - 4. Suppose 0*s + 4*s + 28 = -2*i, -5*s - 5 = -5*i. Let o = 11 + s. Determine q(o).
-4
Let f(k) = 12*k - 2*k**2 - 10*k + k**2. Let o(j) = -j**2. Let x(n) = -f(n) + 2*o(n). What is x(-2)?
0
Let f be 0 - 2 - (-20)/6*(-594)/(-330). Let b(g) = -g**2 + g - 1. Let h(x) = -3*x**2 - 8. Let t(o) = -5*b(o) + h(o). Calculate t(f).
9
Let q(n) = n**2 - 2*n. Let s = -22 + 24. Let i be q(s). Suppose u - 5*u - 16 = i. Let j(w) = -w**2 - 9*w - 1. Determine j(u).
19
Let n(z) be the third derivative of z**5/60 - z**4/8 + z**3/6 + 7*z**2 + 11. Calculate n(4).
5
Let w = 570 - 568. Let p(z) = -3*z**3 + z**2 - 1. Give p(w).
-21
Let w(o) be the third derivative of -o**4/24 + 5*o**3/2 - 3*o**2. Suppose -2*q + 37 = 3*z, 0 = -2*z + 3*z + q - 13. What is w(z)?
4
Let d(l) = l**3 + 5*l**2 - l + 4. Let f = 98 + -103. Calculate d(f).
9
Let p(k) = -k**3 - k**2 - 4*k + 5. Let i(y) = -2*y**3 + 17*y**2 - 12*y + 191. Let a be i(9). Calculate p(a).
-15
Let b(x) be the third derivative of -x**4/24 - 14*x**2. Calculate b(6).
-6
Let h(w) = -w**3 + 4*w**2 + 3*w - 5. Suppose b = 4 - 2. Suppose b*i - 6 = 2. Determine h(i).
7
Let t(a) = -a**3 - 7*a**2 + a + 8. Let w be ((-3)/((-27)/(-42)))/(4/6). Determine t(w).
1
Let k = -3 - -3. Suppose -4*p = -3*n + 3, k*n - 3*n + 2*p = -3. Let i(u) = 0*u**2 + 64 - 2*u + 7*u**3 + u**2 - 63. Determine i(n).
7
Let g(i) = -22*i + 6*i + 3 + 19*i. Let v be 0 + 0 + 1 - 7. Determine g(v).
-15
Suppose -2*r - 3*r = 65. Let k = 5 + r. Let d be k/48 - 5/6. Let q(x) = -11*x**2 - x - 1. Give q(d).
-11
Let d(c) be the third derivative of 0 + 0*c + 1/120*c**6 - 1/60*c**5 + 1/24*c**4 + 15*c**2 - 1/3*c**3. Let u be 3/(-15) - 6/(-30). Give d(u).
-2
Let p(i) be the second derivative of i**3/2 + 4*i**2 + 4*i. Suppose 0 = l - 2*q + 13, 0*l = 5*l + q + 32. Calculate p(l).
-13
Let a(j) = -6*j + 25. Let g be a(-19). Let o(p) = -2*p**3 + 3*p**3 - 133*p - 7*p**2 + g*p - 4. Give o(6).
-4
Let w(n) = 5960 + 2*n - 3*n - 5966. Give w(-9).
3
Let m(n) be the first derivative of 3*n**2 - 2*n - 85. Calculate m(1).
4
Let m(l) = 131*l + 176*l + 21 - 313*l. What is m(5)?
-9
Let r(y) = -4*y - 16. Let x(d) = -d - 4. Let i(g) = 2*r(g) - 9*x(g). Suppose 2*m = 4*u + 378, -4*m + 0*u = -4*u - 748. Let o = 189 - m. What is i(o)?
8
Let o be (-17)/68 + (-131)/4. Let t = -27 - o. Let r(c) = c**2 - 6*c - 6. Determine r(t).
-6
Let k(c) = 55 - 176 + 79 - 5*c. Let o be k(-8). Let q(x) = 6*x**2 + 4*x + 3. What is q(o)?
19
Let l be (-5 + 2)/((-3)/4). Suppose 3*o = -5*f + 10, o - l*f - 15 = -6. Let t(b) = 0*b**2 + 7*b + 5 - o*b + b**2 - 9*b. What is t(4)?
-7
Suppose -4*r - 3*d = -20, 4*r = -3*d - d + 20. Let w be 6*((-4)/(-1) - r). Let a(y) = y + 7. Determine a(w).
1
Let u(j) = 5*j**3 - 7*j**2 - 9*j + 9. Let k(t) = 8*t**3 - 14*t**2 - 17*t + 15. Let n(w) = 3*k(w) - 5*u(w). What is n(-4)?
-24
Suppose 0 = 18*x - 11 - 61. Let l(d) be the third derivative of 0*d - 1/3*d**x + 0 - 1/2*d**3 + 2*d**2 - 1/30*d**5. Calculate l(-5).
-13
Let l(z) = -z**3 - 6*z**2 - 2*z - 2. Let r = 725 - 729. Determine l(r).
-26
Let u(f) = 4*f**2 + 7*f - 3. Let d(y) = y**2 + 2*y - 1. Let g(p) = 7*d(p) - 2*u(p). Suppose 19 = o + 71. Let n be (-112)/o - 2/13. What is g(n)?
-5
Let f(a) = -a**2 + 6*a - 8. Let h(q) = -q**3 - 24*q**2 - 16*q + 165. Let z be h(-23). Give f(z).
0
Suppose 96 = 39*v - 71*v. Let t(n) = 3*n**2 + 4*n. Calculate t(v).
15
Let z = 38 + -31. Suppose 2*s + 35 = z*s. Let o(q) = -q**2 + 4*q + 9. Calculate o(s).
-12
Let h be (-50)/20*(-8)/(-10). Let p be 296/16*(h + 0). Let u = -33 - p. Let f(g) = -2*g + 2. Calculate f(u).
-6
Let c(t) = -t**3 + 2*t**2 + 4. Suppose 0 = -2*x - 2 + 10. Suppose -5*y + 40 = -2*i, x*i - 29 = -3*y + 21. Suppose -y*w = -9*w - 3. Calculate c(w).
-5
Let s(x) = -347*x**3 - 342*x**3 - 21*x - 14 + 5*x**2 + 690*x**3 + 12*x. Give s(-6).
4
Let l be (0 + (-2)/4)*-8. Let w = -7 + l. Let q = -9 - w. Let d(v) = -v**3 - 5*v**2 + 5*v - 8. Calculate d(q).
-2
Let r(v) = 4*v**3 + v + 22. Let x(p) = -3*p**3 - p**2 - p - 19. Let y(l) = -4*r(l) - 5*x(l